*2 + 6*y - 1. Let o(m) be the third derivative of m**5/20 - 7*m**4/24 + m**3/3 - 5*m**2. Let l(z) = -3*g(z) - 2*o(z). Is l(6) a prime number?
True
Let v be (1 - 14/6)/(31/(-93)). Is (-7)/2 + 4 - (-1754)/v a composite number?
False
Let m(a) be the second derivative of a**4/12 - 7*a**3/6 + a**2 - 3*a. Let t be m(-6). Let b = t + 14. Is b composite?
True
Suppose -1171 = 5*y - 8576. Is y composite?
False
Suppose 3*g = g + 6390. Is g - ((-11)/(-6) + 19/114) prime?
False
Suppose -199 = -4*z + v, 5*v = 7 + 18. Is z a prime number?
False
Let r be -4 - 5/(-5)*-489. Let m = r - -744. Is m prime?
True
Let w = 14 - 10. Suppose 0 = 3*s, -w*k - 91 = -4*s + 49. Is 582/7 - (-5)/k a prime number?
True
Suppose 0 = -2*j - 2. Let v be (119 - 1)*(j - -3). Let o = v - 142. Is o a composite number?
True
Suppose 0 = 6*c - 7*c + 1907. Let s = c - 1110. Is s composite?
False
Suppose 9 + 11 = 5*j. Suppose k = -j*k + 250. Let u = 103 - k. Is u a composite number?
False
Let v be 3 - 7 - 5 - -2. Let n(s) = -s**3 - 6*s**2 - 9*s + 9. Let m be n(v). Let q = m - 78. Is q a composite number?
False
Let u be 6/(-3)*6/(-4). Suppose -u*l + 1223 = 464. Is l prime?
False
Let b = -4 + 9. Suppose b*y + 3*w + 1030 = 3738, -y + 2*w + 539 = 0. Suppose -o - y = -5*g - 2*o, 5*g + 4*o - 529 = 0. Is g a composite number?
False
Suppose -l - 5*j - 3 = 0, 0 = 3*j + 3. Suppose 0 = 4*w - 0*w - 720. Suppose -q = -k - l*q + 38, -5*q = -5*k + w. Is k composite?
False
Let z(b) = -16*b - 14. Let w be z(-8). Let m = w + 241. Is m prime?
False
Suppose -3*u - 14 + 5 = 0. Is 14/(-8)*(-149 - (u - -2)) a composite number?
True
Let c(s) = -848*s - 135. Is c(-17) composite?
False
Let q(t) = -1500*t - 599. Is q(-5) composite?
True
Let m(u) = 10*u**2 - 19*u - 17. Is m(-12) composite?
True
Let h = 10 - 0. Is 2/5 - (-10386)/h a composite number?
False
Let i(q) = 7*q**2 + 42*q + 2. Let j be i(19). Let w = -2278 + j. Is w prime?
True
Let k = 5 + -7. Let s = 1 - k. Let i(w) = 4*w**2 - w + 4. Is i(s) a composite number?
False
Suppose 4*q - 4194 = q. Suppose -q = 8*x - 11*x. Is x a prime number?
False
Suppose 3*t + 4*t - 7 = 0. Let y be (-1 - t)/(2/208). Let s = y + 431. Is s a composite number?
False
Let n = -31840 - -61041. Is n a prime number?
True
Suppose 0 = 2*q + 2, a + 8*q = 4*q - 7. Let x(v) = 294*v**2 - 2*v + 1. Is x(a) a composite number?
True
Suppose -3*k - 6 = i, 3*k + 11 = 2. Suppose -3*g - 9 + 3 = 0, -i*c + 2237 = 2*g. Suppose 3*s = -4*a + 941, -3*s - a + 179 = -c. Is s a composite number?
False
Let g = -11 + 0. Let s(h) = h**3 + 11*h**2 - 4*h - 21. Is s(g) a prime number?
True
Let p = -24 - -26. Suppose y = 4*o - 366, -p*y + 0*y + 464 = 5*o. Suppose 5*w + 58 = 3*s, 2*s + 20 = -5*w + o. Is s prime?
False
Suppose p + 6 = 3*p. Suppose 5*j - 20 = 0, -x + 661 = -p*j - 282. Is x a composite number?
True
Let r be (38/(-2))/(0 - -1). Suppose 8*y - 316 = 284. Let m = y - r. Is m composite?
True
Let p(l) = 1120*l**3 - 2*l**2 + l + 3. Let n(a) = -a**3 + 1. Let y(g) = -3*n(g) + p(g). Let u be y(1). Suppose 0 = 3*i - 9*i + u. Is i composite?
True
Is 59/236 - 3/((-24)/1457318) a composite number?
True
Suppose 2*z = -3*z - 3*a + 8276, -2*z + 5*a + 3329 = 0. Is z a prime number?
True
Suppose 9 = 5*u + i - 16, 3*i = 0. Suppose -5*p - u*a + 24571 = -p, 2*p - 12281 = -a. Is p a prime number?
False
Suppose -5*i + i = 104. Suppose 4*h - 37 - 207 = 0. Let f = h + i. Is f prime?
False
Let m(p) be the third derivative of p**6/24 + p**5/60 - 5*p**4/24 + 13*p**3/6 + p**2. Let i = -391 - -397. Is m(i) prime?
False
Suppose -196353 + 480232 = 19*l. Is l prime?
False
Let m be (-1 + 9)/(2 - 0). Let k(x) = 588*x + 39. Is k(m) composite?
True
Let b(u) = -u**3 + 5*u**2 + 6*u + 5. Let m be b(6). Suppose 3*z + y - 134 = 0, 2*y + 246 = m*z - 2*y. Is z a prime number?
False
Let z(a) = 2 + 2*a**2 - 3*a**2 - 2*a - 7 - 1. Let t be z(-10). Let r = t - -151. Is r a prime number?
False
Let b = 224 - 110. Let c = 13 + b. Is c a prime number?
True
Let u(n) = -16*n + 7. Let k be u(-10). Suppose k = t - 252. Is t composite?
False
Let s = -19 - -26. Suppose -4*d - 5*x = -7, -4*d = -s*d - 2*x + 14. Suppose -d*k + 5*k + 663 = 0. Is k prime?
False
Suppose -4*b + 14157 = 5*d, 3*b - 2714 = -2*d + 2946. Is d composite?
False
Suppose 4*w = 6*w - 12. Let r(l) = l**2 - 5*l - 4. Let v be r(w). Is -33*(92/(-12) + v) a prime number?
False
Let k(r) = -6*r**3 - r**2 - 17*r - 37. Is k(-8) a composite number?
True
Suppose -2*d = -3*r - 7*d + 12251, 0 = -2*r - 3*d + 8167. Suppose 0 = -67*c + 69*c - r. Is c a composite number?
True
Let c = 32 + 2. Suppose -9*m = 13 - 94. Let x = c + m. Is x a composite number?
False
Let a(u) = -u**3 - 5*u**2 + 5*u + 6. Let n be a(-4). Let q = 859 - 510. Let z = q - n. Is z a prime number?
True
Let f be 156 - 1/(-2)*-6. Suppose -15*a = -18*a + f. Is a a prime number?
False
Suppose -13*z + 27 = -10*z + 5*a, a = 5*z - 17. Suppose -g + 274 = -3*u, g + 8*u - z*u = 253. Is g prime?
False
Suppose 2*p - 5*p = -2820. Suppose 29*y = 33*y - p. Is y a prime number?
False
Let c be ((1 - 4) + 3)/(-3). Let b be -1 - 6 - (-3 - c). Is (-5 - b)/((-1)/33) composite?
True
Let g be ((-3)/(-4))/(3/8). Let s be (-1)/g*0/8. Suppose s = 9*i - 7*i - 116. Is i a prime number?
False
Suppose g + 68954 = 4*r, -5*r - 4*g - 34470 = -7*r. Is r prime?
True
Let j = 79 - 48. Suppose u - 177 = -j. Is u composite?
True
Let z(o) = -o**3 + 7*o**2 + 8*o + 4. Let j be 3/((-9)/2)*-12. Let q be z(j). Suppose 3*u + q*g = 58, u + 4*g - 2 = 4. Is u a composite number?
True
Let g(p) = 2*p - 3. Let x be g(4). Suppose 5 = x*u - 10. Suppose u*s = 42 + 75. Is s a prime number?
False
Let k(w) = -13*w - 1. Let p be k(-4). Let l(g) = -2*g**2 + 2*g - 16. Let z be l(3). Let m = p + z. Is m a prime number?
True
Suppose -4*u + 2 = -18, 3*f + 5*u - 101134 = 0. Is f composite?
False
Let y = 3436 + -2454. Suppose 3*k = -2*l + 1631, 3*l + y + 88 = 2*k. Is k composite?
False
Suppose 4*h - 2*z = 968 + 8190, 2*h = 4*z + 4594. Is h composite?
False
Suppose -3*j + 3*d + 7245 + 10530 = 0, 0 = -3*j - d + 17791. Suppose -j = -4*n - y, 5*n - y - 5935 = n. Suppose -n = -5*r + 72. Is r a prime number?
True
Let c(h) be the third derivative of -421*h**6/60 - h**5/20 - h**4/8 - h**3/6 + 12*h**2. Let o(j) = j**2 + 6*j - 8. Let u be o(-7). Is c(u) prime?
False
Let c be -6*(-2 + 4 + 21). Let o = c - -233. Is o a composite number?
True
Let k be -1 - (2 + (-7 - 0)). Suppose h + 0*h = k*j - 2, h = -3*j + 12. Is (86/6)/(1/h) a composite number?
True
Let d = 61 + -63. Let r be (4/(-10))/((-2)/(-20)). Is (d/r)/((-5)/(-830)) composite?
False
Suppose -w = 48 - 251. Let c = w + -132. Is c prime?
True
Let t(i) = 4*i**3 - 3*i**2 + 17*i - 59. Is t(9) prime?
True
Suppose 2*p + s = 12, -5*s - 2 = -2*p - 14. Suppose 2678 = 4*f - b, -646 = 3*f - p*b - 2661. Is f composite?
True
Suppose -30156 = 13*m - 123587. Is m a composite number?
False
Suppose -4*y = -0*y. Suppose -2*m = -4 - y. Suppose -l = m*l - 42. Is l composite?
True
Is ((-3724065)/(-9))/((-15)/(-3)) a composite number?
False
Let l(f) = -2*f + 2*f - 12 + f**2 - 3*f. Let d be l(6). Suppose -3178 = -d*z - 664. Is z a composite number?
False
Suppose 7*s + 40793 = -2509. Let h = 10799 + s. Is h prime?
False
Suppose v - 14 = 8. Let t = v - -12. Is t a prime number?
False
Let a be (-1)/4 - 17559/(-12). Let l = -2540 + a. Is (-3)/2 - l/2 composite?
True
Suppose -9*r = -27*r + 167490. Is r composite?
True
Is 3200 + 9 + (-19 - -4) composite?
True
Suppose -7*u + 29 = -90. Suppose u*o - 22*o = -2395. Is o a prime number?
True
Suppose 0 = -30*b + 27*b + 25827. Is b a composite number?
False
Let z(o) = 82*o + 3. Let t be 4/8*-14*-1. Let l be z(t). Suppose 4*f - 595 - l = 0. Is f composite?
False
Suppose -5*k = -4*z - 2876, 8*k = z + 9*k + 728. Let w = -305 - z. Is w composite?
False
Let l = 79 + -79. Suppose -v + 2*d + 9 = -32, 2*d + 4 = l. Is v prime?
True
Suppose 0 = -a + 5*m - 23, -2*m - 2*m = -3*a - 14. Suppose a*d = 7*d. Suppose d = -4*q - k + 78, -4*q + 0*q + 86 = 5*k. Is q a composite number?
False
Let z be (-4 - -6)*(-7)/2. Let p = z - -3. Is (p + 0)*114/(-24) prime?
True
Let b = 27214 - 15911. Is b composite?
True
Let s(a) = -6*a. Let g be s(-13). Let r(j) = 60 + j**3 + j**2 + j - g + 209. Is r(0) a composite number?
False
Let v(u) = -46*u + 20. Let a be v(-3). Suppose b